 common divisor of 3488 and 49486?
218
Calculate the greatest common divisor of 203 and 93786.
203
What is the highest common divisor of 116871 and 326?
163
Calculate the greatest common divisor of 5586823 and 1133.
1133
Calculate the highest common divisor of 176 and 166012.
44
What is the highest common factor of 99 and 688941?
99
What is the highest common factor of 2727 and 36663?
303
Calculate the greatest common divisor of 2262 and 14.
2
What is the greatest common divisor of 3080 and 297?
11
Calculate the highest common factor of 61 and 169.
1
Calculate the highest common divisor of 112 and 15388.
4
What is the highest common factor of 406 and 981476?
58
Calculate the highest common factor of 19925 and 25.
25
What is the highest common divisor of 553 and 114076?
79
Calculate the highest common factor of 49 and 1197119.
49
What is the highest common divisor of 816946 and 338?
338
Calculate the highest common factor of 12 and 105500.
4
Calculate the highest common factor of 80 and 144330.
10
What is the greatest common divisor of 221973 and 69?
69
What is the greatest common divisor of 1404 and 49452?
156
Calculate the greatest common divisor of 229360 and 658.
94
Calculate the highest common divisor of 549248 and 32.
32
Calculate the highest common divisor of 11076860 and 20.
20
Calculate the highest common divisor of 2176 and 101388.
68
What is the highest common divisor of 31023 and 567?
81
Calculate the highest common factor of 705 and 3243.
141
Calculate the greatest common factor of 19542 and 12.
6
Calculate the highest common divisor of 72 and 817884.
36
What is the greatest common divisor of 28 and 158753?
7
Calculate the highest common divisor of 3892651 and 7.
7
Calculate the greatest common factor of 504341 and 246.
41
What is the highest common divisor of 63472 and 16?
16
Calculate the greatest common divisor of 531968 and 3584.
512
What is the highest common factor of 65322 and 10488?
114
Calculate the greatest common divisor of 11 and 18117.
11
Calculate the greatest common factor of 8900 and 12200.
100
Calculate the greatest common factor of 363042 and 2739.
249
What is the greatest common divisor of 350 and 19040?
70
Calculate the highest common factor of 4758 and 426268.
122
Calculate the highest common factor of 366 and 1152717.
183
Calculate the highest common factor of 21965 and 764.
191
Calculate the highest common divisor of 32 and 5040.
16
Calculate the highest common factor of 309 and 8343.
309
Calculate the greatest common factor of 3310 and 30.
10
What is the greatest common factor of 106 and 1439162?
106
Calculate the greatest common factor of 387 and 70563.
129
Calculate the greatest common factor of 427 and 2506.
7
Calculate the greatest common divisor of 264 and 3272.
8
What is the highest common factor of 1582 and 3598?
14
What is the highest common divisor of 3745 and 55105?
535
What is the greatest common factor of 12374 and 184?
46
Calculate the highest common divisor of 1101 and 4094619.
1101
What is the greatest common factor of 1200 and 44688?
48
What is the highest common factor of 7359 and 165243?
669
What is the greatest common divisor of 22899 and 612?
51
What is the greatest common factor of 771835 and 145?
145
Calculate the highest common divisor of 5138 and 9909.
367
What is the highest common factor of 624 and 25688?
104
What is the highest common divisor of 1 and 646937?
1
What is the highest common divisor of 64120 and 280?
280
Calculate the highest common divisor of 64 and 91088.
16
Calculate the greatest common divisor of 69 and 120957.
69
What is the highest common divisor of 1150 and 7120?
10
What is the greatest common factor of 65 and 9000?
5
Calculate the greatest common factor of 92 and 3600512.
92
Calculate the highest common divisor of 28700 and 385.
35
What is the greatest common factor of 3298 and 527?
17
What is the greatest common factor of 14 and 5125442?
14
Calculate the greatest common divisor of 16500 and 1089.
33
Calculate the highest common factor of 1538844 and 12.
12
What is the highest common divisor of 46342 and 188?
94
What is the greatest common factor of 91 and 97253?
13
Calculate the highest common factor of 162068 and 62.
62
What is the greatest common divisor of 7486 and 494?
38
Calculate the greatest common factor of 177 and 3283881.
177
Calculate the greatest common factor of 32393 and 203.
29
What is the greatest common divisor of 160 and 6410?
10
What is the greatest common divisor of 414 and 128754?
414
Calculate the highest common divisor of 349789 and 44.
11
What is the greatest common divisor of 65 and 83720?
65
Calculate the greatest common divisor of 166291 and 179.
179
What is the greatest common factor of 6069 and 561?
51
What is the highest common divisor of 114136 and 22?
22
What is the highest common divisor of 200 and 13864?
8
Calculate the greatest common divisor of 1732140 and 180.
180
Calculate the greatest common divisor of 56163 and 7913.
193
What is the highest common divisor of 3036 and 513843?
759
Calculate the highest common factor of 134465 and 15.
5
What is the greatest common factor of 34 and 6291241?
17
What is the greatest common divisor of 630 and 9060?
30
Calculate the highest common factor of 1627405 and 117.
13
What is the greatest common divisor of 99 and 14544?
9
What is the greatest common factor of 14300 and 390?
130
What is the highest common factor of 108 and 2220?
12
Calculate the greatest common factor of 501 and 163159.
167
Calculate the highest common factor of 247373 and 21.
7
What is the highest common divisor of 2250 and 190?
10
Calculate the greatest common factor of 934713 and 135.
27
What is the highest common divisor of 275470 and 338?
338
Calculate the highest common divisor of 9648 and 245622.
402
Calculate the greatest common factor of 88594 and 11.
11
What is the highest common factor of 14904 and 10764?
828
Calculate the greatest common factor of 1624 and 7840.
56
What is the highest common divisor of 176 and 866987?
11
Calculate the highest common divisor of 251712 and 14421.
1311
What is the highest common factor of 2740 and 10800?
20
Calculate the greatest common factor of 26512 and 2512.
16
Calculate the greatest common divisor of 34 and 3018605.
17
Calculate the greatest common factor of 3086 and 1405673.
1543
What is the greatest common factor of 9638 and 18178?
122
Calculate the highest common divisor of 8 and 21961.
1
Calculate the greatest common factor of 32408 and 4.
4
Calculate the highest common divisor of 17130 and 150.
30
Calculate the greatest common divisor of 900 and 72.
36
What is the greatest common factor of 10098 and 15300?
306
Calculate the highest common divisor of 48408 and 1384.
8
Calculate the highest common factor of 2568 and 2712.
24
Calculate the greatest common factor of 744281 and 97.
97
What is the greatest common divisor of 582687 and 6?
3
What is the greatest common factor of 1917 and 985977?
639
What is the greatest common factor of 104 and 25922?
26
Calculate the greatest common factor of 26412 and 28116.
852
What is the greatest common factor of 333306 and 12?
6
What is the highest common divisor of 85715 and 3605?
35
Calculate the highest common divisor of 309202 and 1378.
106
What is the highest common factor of 37 and 43031?
37
Calculate the highest common divisor of 11770 and 1166.
22
What is the greatest common factor of 42241 and 265?
53
Calculate the greatest common divisor of 544 and 3423800.
136
What is the greatest common divisor of 5 and 4406555?
5
Calculate the highest common factor of 19676 and 8.
4
Calculate the highest common divisor of 266 and 112119.
133
What is the greatest common divisor of 53062 and 731?
43
What is the highest common divisor of 1530807 and 417?
417
Calculate the greatest common divisor of 100 and 544100.
100
Calculate the highest common factor of 12051 and 325.
13
Calculate the highest common factor of 9900 and 101310.
330
Calculate the greatest common factor of 1125 and 6975.
225
Calculate the highest common factor of 8027296 and 32.
32
What is the highest common divisor of 40 and 4103720?
40
What is the greatest common factor of 78099 and 3?
3
Calculate the greatest common factor of 88 and 7704.
8
Calculate the greatest common 